r**3 - 2*r**2 + 6*r + 1. Let l be i(-4). Suppose 3*b = 6 + l. Is 2/(-1) - b*-45 a composite number?
False
Suppose -3*w + 835 = -2*w. Let y = -307 + w. Is 1/(y/526 - 1) a composite number?
False
Let a(o) be the second derivative of -15/2*o**2 + o + 0 + 1/2*o**3. Is a(10) a prime number?
False
Let p(l) = 521*l**2 - 3*l + 5. Is p(-3) prime?
True
Suppose 19*u + 3816 = 31*u. Let p(l) = -l - 3. Let g be p(-5). Suppose -g*m - m = -3*r + 486, -2*r + u = 4*m. Is r composite?
True
Let q(b) = 162*b**2 + 24*b + 19. Is q(-8) a composite number?
True
Let o(x) = -108*x + 19. Let t(g) = 27*g - 5. Suppose -4*r + 8 = 0, 0 = 2*y + r - 3*r - 14. Let k(n) = y*t(n) + 2*o(n). Is k(12) composite?
False
Let l = 4631 + -1518. Is l a prime number?
False
Let z = 5878 + -287. Is z composite?
False
Suppose -2734967 - 3323894 = -37*u. Is u a composite number?
False
Let p be 228/44 + 6/(-33). Let w = p + 1. Suppose -3*g = -9, -2*y + 5*g - 867 = -w*y. Is y a prime number?
False
Let x = -15288 + 29591. Is x prime?
True
Let x(b) = 40*b**2 - b + 5. Is x(4) composite?
False
Let f = 26 - 40. Let o = -10 - f. Suppose -2*a - 6*v = -5*v - 526, o*v + 16 = 0. Is a prime?
False
Suppose 0 = -8*w + 1507 + 20677. Is w a prime number?
False
Let x(s) = -s - 11. Let o be x(-11). Suppose 4*p = -n + 192, p + p - 1050 = -5*n. Suppose -m - m + n = o. Is m composite?
True
Suppose -5*h = z - 33, -2*z - 18 = -0*h - 2*h. Is ((-395)/(-2) - h)/((-1)/(-2)) a prime number?
False
Let c be ((-3)/(-15))/((-4)/(-40)). Suppose k + c*k = 363. Is k a prime number?
False
Let k(c) = 62*c**3 + 3*c**2 + 9*c + 37. Is k(5) prime?
True
Let t(q) = q**3 + 3*q**2 - q + 1957. Is t(0) prime?
False
Suppose 0*b - 2*b = 5*r + 18, -b = -4*r - 17. Suppose 0 = 12*f - 19 + 7. Is 116/f + (-3)/b a prime number?
True
Is 50/(-9 + -1) - (-21394 - 0) prime?
False
Suppose 2*u - 2*d = 4, -2*u + 3*u + d - 6 = 0. Suppose -4*m = u*m - 6328. Is m composite?
True
Let r = 1319 - 890. Let l = r - 306. Is l a composite number?
True
Let m(p) = 87*p**3 + 3*p + 5. Is m(3) a composite number?
True
Let a(n) = 14*n**2 + 41*n + 47. Is a(20) prime?
False
Suppose 3*z = -2*z + 4*s + 18882, -5*z - s + 18867 = 0. Let o = z - 1679. Is o composite?
True
Suppose 0 = 3*g + g - 80. Let a = 13 - g. Let i(o) = o**3 + 10*o**2 + 7*o - 7. Is i(a) a prime number?
False
Suppose -o + 2884 = n, n + 0*o - 2*o = 2893. Is n a prime number?
True
Is (-32245)/2*(-20)/10 a prime number?
False
Let r(u) = -u - 26. Let m be r(-28). Suppose -y = 2*i - 1497, -m*i - 2*y + 1517 = -5*y. Is i a composite number?
False
Let d = -12671 - -18178. Is d prime?
True
Let b be 5898/(-14) + ((-24)/28)/(-3). Suppose 51 = 5*m - 3909. Let l = b + m. Is l prime?
False
Let a be (1 - 2)*(-42)/(-1). Let h be ((-17)/3 + 5)/((-2)/(-33)). Let q = h - a. Is q a prime number?
True
Suppose 3*r + 5 = 5*b - 2*r, -5*r = -3*b - 3. Suppose -2*x + 3*x - b = 0. Suppose 0 = 3*g - 4*z - 315 + 84, -308 = -x*g - 3*z. Is g composite?
True
Let k(a) = -a**2 + 19*a - 10. Let g be k(16). Suppose 0 = 36*u - g*u + 958. Is u a prime number?
True
Let u(v) = v**3 + 3*v**2 - 10*v - 3. Suppose -5*f + 40 = -5*p, 0*f + 31 = 4*f - 5*p. Is u(f) prime?
False
Let m(h) = h**2 + 7*h + 2. Let w be m(-9). Suppose -3*o = -2*g - 144 - 265, 5*g = w. Suppose x = o + 63. Is x prime?
False
Suppose 3*o = -j + 4*o + 61, -2*j + 119 = -3*o. Suppose -3*k - k = -j. Let b = k - -49. Is b prime?
False
Let b be 1/(4656/4652 + -1). Suppose -2*q + b = k, 6*q = 2*q + k + 2323. Is q a prime number?
False
Suppose 0 = t - 6284 - 14003. Is t prime?
True
Suppose 6 = -2*u, -7*u = 5*f - 2*u - 5. Suppose -2*s - 5*o = -322, -3*s + 192 = f*o - 291. Is s a composite number?
True
Let g(q) = 4*q**3 + 25*q**2 - 15*q - 4. Let w(y) = 3*y**3 + 17*y**2 - 10*y - 3. Let k(z) = -5*g(z) + 7*w(z). Let b be k(5). Is -2 - (4 + b*297) composite?
True
Let y = -9664 + 14447. Is y composite?
False
Suppose -3*k = -4*n - 791, -k = 2*n - 0*n + 383. Let w = -67 - n. Suppose -v + 3*i + w - 35 = 0, -4*v - 3*i + 353 = 0. Is v prime?
True
Is 808/2*107/214 a prime number?
False
Let w(i) = -2*i + 1. Let h be w(-10). Let c be (28/(-4))/((-3)/h). Let u = 198 - c. Is u a composite number?
False
Let w(l) = -2*l**3 + 93*l**2 + 53*l - 61. Is w(42) prime?
True
Suppose 3*j = 3*u + 7320, 23*j = 27*j + 4*u - 9736. Is j composite?
False
Suppose w - 1625 = 1200. Suppose 3*c + 169 + 762 = t, -c - w = -3*t. Is t prime?
False
Let k = 27 + -66. Let m = k + 83. Suppose u + m = 5*u. Is u composite?
False
Suppose 5*r = 14 + 1, -4*r = 4*d - 11344. Is d a composite number?
False
Suppose -16*f = -21*f + 78840. Suppose f = 3*y + n, 8844 - 24627 = -3*y + 4*n. Is y prime?
False
Let i(r) be the third derivative of r**5/60 - r**3/6 - 4*r**2. Let l(s) = s**3 + 10*s**2 + 11*s - 11. Let m(q) = 2*i(q) + l(q). Is m(-9) composite?
False
Let u(x) = -2*x + 5. Let z be u(7). Let y be 78 - 3/z*-3. Is y/(3 + (0 - 2)) a composite number?
True
Suppose -1 = -h + 1. Let n be ((-48)/(-36))/(h/(-3)). Is 37/n*(2 + -24) composite?
True
Let s(m) = m + 17. Let h be s(-12). Suppose -q = 2*n - 5*q, -h*n + 18 = -q. Suppose 207 + n = b. Is b a composite number?
False
Suppose 0 = -3*n + 5*x + 1406, 4 = x + 5. Is n composite?
False
Let a(l) be the second derivative of 3*l**4/4 - 19*l**3/6 + 13*l**2/2 + 15*l. Is a(9) prime?
True
Let g = 28043 + -16074. Is g composite?
False
Is (-93335)/(-8) + 5/40 prime?
False
Is (-4)/5*(-155)/62 - -34113 composite?
True
Let r(z) = 962*z**2 + 6*z - 13. Is r(3) composite?
False
Let g(t) = 40*t**3 - 2*t**2 + 6*t - 31. Is g(8) a composite number?
False
Suppose 0 = -8*o + 9*o - 656. Let f = o + 195. Is f composite?
True
Let h = -2374 + 4423. Let r = -688 + h. Is r prime?
True
Let s = 9 - 6. Suppose 2 = s*r - 4. Suppose -495 = -3*h - r*b, -h + 69 = 5*b - 109. Is h a composite number?
False
Suppose 2*f - 17818 = 3*i, -2*f - 14*i + 15*i = -17826. Is f a prime number?
False
Suppose 66*q + 23131 = 67*q. Is q a prime number?
True
Let g be 2/7 + 342/(-21). Let r = 18 + g. Suppose -3*o - o = -5*c - 1566, r*o - 3*c = 784. Is o composite?
False
Let r be (3 - (1 + 0) - 6)*-1. Is (0 + r/(-6))*5442/(-4) prime?
True
Let t = 394 - -273. Is t composite?
True
Is ((-252)/(-7))/(-6) + 329 a composite number?
True
Suppose 0 = -3*z + 4*z - 8609. Is z composite?
False
Suppose 5*q = 5*i + 1043 + 1417, -2*i + 2460 = 5*q. Suppose -46 = -m + q. Is m prime?
False
Let w = -40 + 28. Let p be (-14 - w) + 0 + -1. Is -2 + p + 2 + 266 a prime number?
True
Suppose 4*l - g + 337 = 27410, 3*l - 2*g = 20311. Is l prime?
False
Let z be (2 - -1)*-1 - (0 + -4). Is (((-24744)/18)/(-4))/(z/3) a composite number?
False
Suppose -j + 35605 = 4*j. Is j composite?
False
Let d = 87851 - 51652. Is d prime?
False
Let c be 6/(-18) - 26/(-6). Suppose -2*b + b - c = -2*r, 3*r = -3. Is (-532)/(-6) + (-2)/b a prime number?
True
Suppose 4*j - w + 0*w - 2503 = 0, 3*w - 3150 = -5*j. Suppose 3*r = g - 0*g - 326, -2*g + r + j = 0. Is g composite?
False
Is ((-4)/(-3) - (-625)/(-75)) + 11348 prime?
False
Suppose 0 = -5*r + 2*p + 90587, r = -7*p + 10*p + 18107. Is r prime?
True
Let u(h) = -179*h + 29. Is u(-12) a prime number?
False
Let q(f) = 100*f**2 - 5*f + 169*f**2 - 1 + 7*f - 31*f**2. Let m be 1 + 0 + -1 - -1. Is q(m) prime?
True
Let o(j) be the second derivative of 53/2*j**2 + 1/6*j**3 + 13*j + 0 + 1/12*j**4. Is o(0) a composite number?
False
Let h(n) = -25*n**3 - 3*n**2 + 4*n + 3. Let w be h(-3). Suppose -5*c = i - 237, 3*i - 2*c - w = c. Is i a composite number?
True
Let y be 1 - (1 - (651 - -2)). Suppose -2*i + 5*c + y = 0, 4*c = -4*i + 496 + 824. Is i composite?
True
Let q(n) = -2*n**3 - 17*n**2 + 10*n + 7. Let t be q(-9). Let y(i) = -195*i**3 + i**2 + i - 3. Is y(t) a composite number?
False
Suppose 0 - 25 = -t - 5*b, -4*b + 31 = 3*t. Suppose 0*f + 10745 = t*f. Is f a composite number?
True
Let m = 19176 - 9988. Suppose -n + 5*n = 2*h + m, 2291 = n - 2*h. Suppose -5*b - n = -3*c, c - 5*b = -0*b + 773. Is c composite?
True
Suppose 4*o - 25 + 5 = 0. Suppose p = 3*k - 4*p - 403, -o*k + p + 657 = 0. Is k prime?
True
Let h = 11 - 0. Let p(m) = -m**2 + 19*m - 21. Is p(h) a prime number?
True
Let d(y) = 3*y**3 - 13*y**2 + 6*y - 7. Suppose -5*t = 4*s - 23, 0*t + 4*s = 5*t - 47. Is d(t) prime?
False
Is (-9111)/4*124/(-93) a prime number?
True
Let s(n) = 2*n - 7. Let l be s(-3)